me?
False
Suppose 834*s - 828*s = 26202. Is s a prime number?
False
Let p(s) = 50*s**3 - s**2 - 4. Suppose 0 = -5*c - 5*b + 35, b - 1 = -2*c + 9. Is p(c) prime?
False
Suppose -21*m + 18*m = -7737. Is m a prime number?
True
Suppose -3*n + 84990 = -n + 5*d, 0 = -3*d - 12. Is n a prime number?
False
Suppose -2 = -m + 3. Let h = 8 - m. Suppose -4*y + 3*n + 97 = 0, y + 4*n - h*n - 19 = 0. Is y a composite number?
True
Let i(k) = 137*k - 2. Suppose 133 = -4*z + 145. Is i(z) a composite number?
False
Let f(y) = 4*y**2 - 2*y + 2. Let c(o) = o**2. Let s(g) = -5*c(g) + f(g). Let v be s(-2). Suppose -4*b = -3*t + v*t + 137, 4*b = 4. Is t prime?
False
Let d = 945 - 74. Is d a composite number?
True
Let b = 23 - 95. Suppose 2*n = -n - 2*q - 109, 2*q = -4*n - 144. Let d = n - b. Is d a prime number?
True
Suppose -3*m + l = -411528, -4*m - 2*l + 548714 = -0*m. Is m composite?
False
Suppose 0 = -74*i + 77*i - 2199. Is i composite?
False
Is -1657*2*(-18)/36 a composite number?
False
Let l be 1/5 - 12*(-8)/(-480). Suppose -2*p - 12 = -k - 3*k, 4*p - 31 = -3*k. Suppose l = 3*h - h + 5*g - 162, -h + 107 = -p*g. Is h a composite number?
True
Suppose -10*f + 12*f = -2. Is (f/(-3))/((-6)/(-36)) + 1139 composite?
True
Let s = 27666 + -12103. Is s a composite number?
True
Is (1/(-4) + 0)/((-9)/11916) a prime number?
True
Suppose -3*i = 2*q - 7 + 4, -1 = q + 4*i. Suppose -213 = q*f - 6*f. Is f composite?
False
Is (956/(-8))/(4/(-8)) prime?
True
Let x(h) = h**2 - 11*h - 5. Let t(m) = 2*m**2 - 12*m - 5. Let p(r) = -2*t(r) + 3*x(r). Let w be p(-8). Suppose 8*z = w*z + 1515. Is z a prime number?
False
Let a be ((-29932)/(-42))/(3/(27/2)). Suppose a = 10*k - 27163. Is k a prime number?
True
Suppose -4*c = 2*x + 16, -6*c - 5 = x - c. Is x/(-10 + 5)*106/4 a prime number?
True
Let y = -3 - -5. Let g = 367 - y. Is g prime?
False
Let j(p) = -2*p**3 - 18*p**2 + 7*p + 142. Is j(-21) a prime number?
False
Suppose -12*s - 2*s + 2*s = 0. Suppose s = 2*h - 2375 - 579. Is h a composite number?
True
Suppose -5*c + 340 + 220 = 0. Suppose c + 137 = 3*j. Suppose t - j - 44 = 0. Is t composite?
False
Let w(i) = 223*i. Let p = -31 - -32. Is w(p) a prime number?
True
Let o be (((-357)/14)/3)/((-1)/52). Let x = 2461 - o. Is x a composite number?
True
Let o(r) = -1435*r - 243. Is o(-10) composite?
False
Let s(b) = -411*b**2 - 26*b + 3. Let x(f) = -137*f**2 - 9*f + 1. Let h(u) = -6*s(u) + 17*x(u). Suppose -3*o + 6 = m, -6*m + 16 = o - m. Is h(o) composite?
False
Is (-6)/(-81) + (-551195)/(-135) prime?
False
Let b be (1*1803)/((-21)/(-14)). Suppose -2*y - 3*y - 20 = 0, q - 5*y = 649. Let k = b - q. Is k composite?
True
Let o(c) be the second derivative of 1/3*c**3 + 1/2*c**2 - 1/12*c**4 + 0 + 7/20*c**5 + 2*c. Is o(3) composite?
True
Let r = 908 - -20149. Is r composite?
True
Suppose -4*t = -3*m + 1066, -3*m - t = -4*m + 354. Is m/3 + (-12)/(-9) a prime number?
False
Let w(b) = -b + 5. Let z be w(3). Let g = 65 + z. Is g prime?
True
Let b(j) = 630*j + 13. Is b(13) a composite number?
True
Let l(v) = -13 - v**2 + 27*v + 2*v**2 - 16*v. Let j be l(-12). Is j*(-1195 - 4 - -4) a composite number?
True
Let c(y) = 3*y**2 - 11*y + 11. Let w(o) = o + 7. Let q be w(-16). Is c(q) a composite number?
False
Suppose 2*q = -129*f + 130*f + 59560, 2*f = 5*q - 148899. Is q composite?
True
Suppose 3*w = 4*c - 2*w - 110333, -5*c + 137926 = -3*w. Suppose 5*r - c = -2*r. Is r composite?
True
Let n(m) = -225*m - 48. Is n(-11) prime?
False
Let q(f) = 2220*f**3 - 2*f + 1. Let g be q(1). Suppose 10*t - 3*t - g = 0. Is t a composite number?
False
Let q(o) = 5*o**3 + 5*o**2 - 8*o - 5. Let f(t) = -3*t**3 - 2*t**2 + 4*t + 3. Let x(u) = 7*f(u) + 4*q(u). Is x(5) prime?
False
Let x = 885 + -438. Let o = x + 2200. Is o composite?
False
Suppose -3*x = -10215 - 13182. Is x prime?
False
Let q(r) = 3*r**2 - 2*r + 5. Suppose -4*o + 29 = -3. Is q(o) a prime number?
True
Let w = -19 - -12. Let t = 0 + w. Let l(b) = -22*b + 1. Is l(t) a prime number?
False
Suppose -2*h + 53840 = -2*c + 3348, -2*h + 3*c + 50489 = 0. Is h composite?
True
Suppose -12*j - 11626 + 55318 = 0. Is j a composite number?
True
Let z(b) = b**2 + 19*b + 2. Let t be z(-19). Suppose 8*i - 3*i = 20, -x + t*i = -51. Is x composite?
False
Suppose 2*p - 777 + 253 = 3*l, p - l - 263 = 0. Is p a composite number?
True
Let y(h) = 6756*h + 65. Is y(2) composite?
False
Is (-5)/20 - (-10071)/12 a prime number?
True
Let g = 314 - 145. Let t = 384 + g. Is t a composite number?
True
Let c = 20 - 16. Suppose 0 = 4*d + 3*m - 1787, d + c*m = -m + 468. Is d composite?
False
Let b(z) = -3*z**3 - 10*z**2 - 4*z. Let h be b(-10). Let d = -1417 + h. Is d prime?
False
Let s = 1497 + 940. Is s prime?
True
Let o be (-2 - 0)/(((-2)/3)/1). Is (-2)/o*3 - -267 composite?
True
Let m(x) = 9*x**2 + 3*x - 3. Let q(c) = -c**2 + 6*c + 9. Let w be q(7). Is m(w) a composite number?
True
Let q(i) = -27 + 2*i - 31 + 59. Let g be q(2). Suppose g*b - 307 = 298. Is b a prime number?
False
Let g(q) = -2*q**3 - 17*q**2 - 63*q - 31. Is g(-27) a composite number?
False
Let p(u) be the second derivative of u**5/20 - u**4/3 - u**3/3 - 3*u**2 - 6*u. Let q be p(5). Is (-2)/9 + 2315/q prime?
True
Let v(t) = -5*t + 152. Is v(5) composite?
False
Suppose 0 = 18*z + 17*z - 257215. Is z composite?
False
Let r(i) = i - 4. Let h be r(6). Suppose -1800 = -4*p - 2*d, -5*d = -0*d. Suppose -5*b + 5*a = -1195, h*b + 4*a = -a + p. Is b prime?
False
Suppose -4*x + 4*h - 28 - 28 = 0, 0 = -4*h + 12. Let r = 13 + x. Suppose 4*a - 3*a - r*o - 445 = 0, 4*o - 1768 = -4*a. Is a a prime number?
True
Is (-30842)/(-8) - 8 - (-4)/(-16) a prime number?
True
Is (4107/(-15))/(13/(-65)) prime?
False
Let l(n) = n**3 - 6 - 8*n**2 - 4*n - 10 + 5. Is l(14) a prime number?
True
Let u = 19593 - -3594. Suppose 5*w + 5162 = u. Suppose -w = -5*r + 2*g, 0 = 3*r - g - 3*g - 2177. Is r prime?
True
Suppose 0 = q + 5*w - 899, 0 = q - 3*w + w - 899. Let p = 1 + 1. Suppose -2*n = -5*r + 4835, 3*n = p*r - 1035 - q. Is r prime?
True
Suppose 2*d + 61 = -257. Let s be d/(-9) - 6/9. Suppose 5*u - 31 = -3*v - v, -3*u - 2*v + s = 0. Is u a prime number?
True
Let i = 31 - 7. Let a = i + -19. Suppose -a*v - 5*z + 354 + 371 = 0, 765 = 5*v - 5*z. Is v a composite number?
False
Let y be 0 + 2 - (2 + -4). Suppose 0 = 2*r - 4*b - 18, y + 13 = 5*r + 4*b. Suppose -3*l + 561 = -5*m, l - r*l - 4*m + 748 = 0. Is l composite?
True
Let g(w) = w**2 + 0 + 5*w**2 + 7 - 2*w**2 + 2*w. Is g(-2) prime?
True
Let k = -78 - 45. Is (-1 + k)*(-3)/(12/5) a prime number?
False
Suppose -3*m + 17 = 5*a, m + 0 = -1. Is (-1*2344/20)/(a/(-10)) a prime number?
True
Suppose 24 = 2*k + 6*k. Suppose -111 = -k*x + 66. Is x prime?
True
Let j(c) = c**3 - 5*c**2 - c + 9. Let d be j(5). Is 5/10 - (-4266)/d a prime number?
False
Let u(k) be the second derivative of k**5/20 - 3*k**4/4 - 5*k**3/2 + 4*k**2 + 13*k. Suppose 0 = -x - x + 22. Is u(x) a prime number?
False
Let p be -6*(-1)/1 - 4. Suppose v = -p*t + 3, 3 + 8 = -t - 3*v. Suppose 1819 = t*c - 49. Is c composite?
False
Let u(i) = 13*i - 1. Let o be u(1). Let q(f) = f**2 + 14*f + 7. Is q(o) prime?
False
Let v = 2980 + -941. Suppose 2*s - v = -3*m, m - s = -3*m + 2737. Is m prime?
True
Let g(s) = 214*s**2 + 6*s + 49. Is g(-6) a composite number?
False
Let z = -59 + 63. Suppose 2576 = z*r + 5*y, -r + 2*r - 637 = -3*y. Is r prime?
False
Suppose 16170 = 5*m - 64745. Is m a prime number?
True
Suppose 12*d = 6*d + 28020. Suppose 3*f - 5*f + d = 0. Is f a composite number?
True
Let r(v) = 33*v + 10. Let g be r(8). Let j = g + 1561. Is j prime?
False
Let f(m) = -m + 5. Let j be f(0). Suppose 2*s + 2*n - j = 5, -3*n = -12. Let z(r) = 214*r**3 - 2*r**2 + r. Is z(s) prime?
False
Let a be (-5)/3*(-60 + 3). Let s = -16 - -18. Suppose s*v - u - 113 = 0, -v - a = -3*v - 5*u. Is v a composite number?
True
Suppose -150 - 1299 = -u - 4*v, -5*v - 4432 = -3*u. Is u composite?
True
Suppose p = -3*p + 88. Let i be 55/10 + (-4)/(-8). Suppose -2*k = -i - p. Is k prime?
False
Suppose -11*r + 10*r + 15 = 0. Is (-4100)/(-16) + r/20 prime?
True
Suppose 0 = 9*u - 12976 - 623. Is u a composite number?
False
Let u(s) be the first derivative of s**4/4 + 205*s + 20. Is u(0) prime?
False
Is 5*2/50 + (-335288)/(-10) a prime number?
True
Let x be (-2)/2*(11 - -2). Suppose -b - 2*b + 2*f =